are the prime factors of 2889527?
743, 3889
List the prime factors of 122044.
2, 13, 2347
What are the prime factors of 159896?
2, 11, 23, 79
List the prime factors of 164808.
2, 3, 7, 109
What are the prime factors of 372893?
61, 6113
List the prime factors of 3904.
2, 61
List the prime factors of 1461078.
2, 3, 29, 311
List the prime factors of 3021384.
2, 3, 31, 131
List the prime factors of 4610441.
11, 61, 6871
List the prime factors of 18661596.
2, 3, 1555133
List the prime factors of 29397478.
2, 11, 239, 5591
List the prime factors of 4005482.
2, 13, 154057
List the prime factors of 269721.
3, 23, 1303
What are the prime factors of 456820?
2, 5, 7, 13, 251
What are the prime factors of 22796102?
2, 7, 1628293
What are the prime factors of 15909?
3, 5303
List the prime factors of 251282.
2, 125641
What are the prime factors of 102028?
2, 23, 1109
What are the prime factors of 1460514?
2, 3, 11, 22129
List the prime factors of 58974.
2, 3, 9829
What are the prime factors of 1732242?
2, 3, 449, 643
List the prime factors of 6417149.
29, 221281
What are the prime factors of 37818?
2, 3, 11, 191
List the prime factors of 569033.
163, 3491
List the prime factors of 347740.
2, 5, 17387
What are the prime factors of 427183?
47, 61, 149
List the prime factors of 848370.
2, 3, 5, 28279
What are the prime factors of 13943171?
11, 29, 109, 401
What are the prime factors of 1261626?
2, 3, 37, 5683
List the prime factors of 38995380.
2, 3, 5, 216641
What are the prime factors of 309903?
3, 11, 9391
List the prime factors of 630838.
2, 13, 19, 1277
What are the prime factors of 34485?
3, 5, 11, 19
What are the prime factors of 16126482?
2, 3, 2687747
What are the prime factors of 110031?
3, 36677
List the prime factors of 105038.
2, 29, 1811
List the prime factors of 521302.
2, 260651
List the prime factors of 1555781.
1555781
List the prime factors of 269347.
13, 20719
What are the prime factors of 26929?
7, 3847
What are the prime factors of 971396?
2, 47, 5167
List the prime factors of 789312.
2, 3, 4111
What are the prime factors of 702382?
2, 331, 1061
What are the prime factors of 2051205?
3, 5, 13, 67, 157
List the prime factors of 12198.
2, 3, 19, 107
List the prime factors of 3102383.
3102383
What are the prime factors of 575703?
3, 47, 1361
What are the prime factors of 5370393?
3, 7, 255733
List the prime factors of 518074.
2, 37, 7001
What are the prime factors of 3299277?
3, 79, 13921
What are the prime factors of 2477975?
5, 99119
What are the prime factors of 143689?
7, 13, 1579
What are the prime factors of 4633011?
3, 29, 61, 97
List the prime factors of 326758.
2, 199, 821
List the prime factors of 3677383.
3677383
List the prime factors of 338170.
2, 5, 7, 4831
List the prime factors of 34361716.
2, 271, 31699
List the prime factors of 1268436.
2, 3, 13, 47, 173
List the prime factors of 17943515.
5, 487, 7369
What are the prime factors of 11629?
29, 401
List the prime factors of 150398.
2, 139, 541
List the prime factors of 2057629.
7, 17, 17291
What are the prime factors of 13371156?
2, 3, 41269
What are the prime factors of 464783?
11, 29, 31, 47
What are the prime factors of 30236161?
97, 311713
What are the prime factors of 5487973?
41, 133853
List the prime factors of 36346.
2, 17, 1069
List the prime factors of 22560690.
2, 3, 5, 752023
List the prime factors of 322923.
3, 107641
List the prime factors of 460397.
7, 89, 739
What are the prime factors of 4170792?
2, 3, 173783
List the prime factors of 4301202.
2, 3, 607, 1181
List the prime factors of 8806800.
2, 3, 5, 41, 179
List the prime factors of 30020955.
3, 5, 2001397
List the prime factors of 24607900.
2, 5, 53, 4643
What are the prime factors of 319218?
2, 3, 83, 641
List the prime factors of 10679423.
487, 21929
List the prime factors of 2245211.
19, 118169
What are the prime factors of 163326?
2, 3, 163, 167
What are the prime factors of 29782?
2, 14891
What are the prime factors of 758318?
2, 11, 34469
List the prime factors of 969222.
2, 3, 67, 2411
List the prime factors of 95000.
2, 5, 19
What are the prime factors of 16076?
2, 4019
List the prime factors of 156133.
43, 3631
What are the prime factors of 579374?
2, 127, 2281
What are the prime factors of 437202?
2, 3, 107, 227
What are the prime factors of 3977260?
2, 5, 7, 28409
What are the prime factors of 509114?
2, 254557
What are the prime factors of 9500369?
9500369
What are the prime factors of 357089?
31, 11519
List the prime factors of 6504271.
271, 24001
What are the prime factors of 8004?
2, 3, 23, 29
List the prime factors of 1556968.
2, 7, 27803
List the prime factors of 1394916.
2, 3, 116243
What are the prime factors of 873121?
873121
List the prime factors of 335960.
2, 5, 37, 227
What are the prime factors of 1021664?
2, 7, 4561
List the prime factors of 3389422.
2, 37, 163, 281
What are the prime factors of 4578826?
2, 7, 327059
List the prime factors of 2512010.
2, 5, 251201
What are the prime factors of 272843?
233, 1171
What are the prime factors of 186801?
3, 71, 877
What are the prime factors of 518001?
3, 11, 1427
What are the prime factors of 10456391?
11, 313, 3037
List the prime factors of 746804.
2, 186701
What are the prime factors of 212757?
3, 70919
List the prime factors of 156709.
7, 61, 367
What are the prime factors of 3018848?
2, 7, 13477
List the prime factors of 12042198.
2, 3, 7, 31, 3083
What are the prime factors of 1136874?
2, 3, 189479
What are the prime factors of 25388?
2, 11, 577
List the prime factors of 3296737.
37, 89101
What are the prime factors of 24700977?
3, 7, 130693
What are the prime factors of 148733?
13, 17, 673
List the prime factors of 526062.
2, 3, 43, 2039
What are the prime factors of 3835649?
59, 65011
List the prime factors of 20639915.
5, 4127983
List the prime factors of 2058628.
2, 11, 13, 59, 61
List the prime factors of 469899.
3, 109, 479
List the prime factors of 3717267.
3, 1239089
List the prime factors of 113779.
113779
What are the prime factors of 238037?
238037
List the prime factors of 13048779.
3, 131, 33203
List the prime factors of 38177119.
53, 13591
What are the prime factors of 90633?
3, 30211
What are the prime factors of 231049?
7, 13, 2539
List the prime factors of 5595273.
3, 621697
What are the prime factors of 511385?
5, 7, 19, 769
What are the prime factors of 12621722?
2, 359, 17579
List the prime factors of 728733.
3, 242911
What are the prime factors of 920185?
5, 7, 61, 431
What are the prime factors of 12108976?
2, 11, 107, 643
What are the prime factors of 10112?
2, 79
What are the prime factors of 35568213?
3, 11856071
What are the prime factors of 19106378?
2, 733, 13033
What are the prime factors of 228828?
2, 3, 19069
What are the prime factors of 667072?
2, 7, 1489
What are the prime factors of 5530876?
2, 13, 106363
What are the prime factors of 2526753?
3, 19, 97, 457
List the prime factors of 8561649.
3, 2853883
List the prime factors of 151762.
2, 13, 449
List the prime factors of 1731283.
521, 3323
What are the prime factors of 1259585?
5, 251917
List the prime factors of 162492.
2, 3, 11, 1231
List the prime factors of 56987.
7, 1163
What are the prime factors of 16927933?
11, 83, 18541
What are the prime factors of 5539091?
47, 67, 1759
What are the prime factors of 155760?
2, 3, 5, 11, 59
List the prime factors of 30167016.
2, 3, 11, 114269
List the prime factors of 60795.
3, 5, 7, 193
What are the prime factors of 313465?
5, 71, 883
What are the prime factors of 17309057?
19, 911003
What are the prime factors of 53830?
2, 5, 7, 769
What are the prime factors of 263410?
2, 5, 7, 53, 71
What are the prime factors of 323705?
5, 101, 641
List the prime factors of 82588.
2, 11, 1877
What are the prime factors of 1118854?
2, 11, 50857
What are the prime factors of 131070?
2, 3, 5, 17, 257
What are the prime factors of 60979?
17, 211
What are the prime factors of 86006?
2, 43003
What are the prime factors of 295749?
3, 17, 1933
List the prime factors of 693257.
693257
List the prime factors of 635391.
3, 101, 233
What are the prime factors of 322990?
2, 5, 32299
What are the prime factors of 506731?
506731
What are the prime factors of 227757?
3, 31, 79
List the prime factors of 4234276.
2, 53, 19973